- -2))
8
Evaluate 7 + -19 + (-13 - (-4 - -20)) - -16.
-25
What is -96 - (0 - (7 - (7 - (12 + -8)))) - 1?
-93
Evaluate -4 + (-92 - (41 + -57)) + (2 + 10 - 2).
-70
Calculate -7 + 8 + 10 + (-63 - (12 - 4)).
-60
-6 + -35 + (6 - (-15 + 8 - -6)) + -6
-40
-7 - (-12 + -2) - (-34 + 28 - (29 + -1))
41
Evaluate 236 - 130 - 139 - 73.
-106
What is (11 - 20 - -89) + -39 + 12?
53
Calculate 128 - ((-137 - -32) + 181).
52
What is (2 - -41) + (-176 - -176 - (0 + 6)) + 6?
43
What is the value of 108 + (-39 - 17) + 79?
131
What is -54 - (-18 - (-74 + 52))?
-58
What is -1 + 79 - (-12 - ((-20 - 1) + (-26 - -29)))?
72
Evaluate 19 - (32 + 2 + -175 + 162).
-2
(231 - 75 - 225) + -3 + 2 + -1 + 2
-69
Calculate (71 - 7) + (-34 - 16).
14
What is the value of -4 - 16 - ((11 - 10) + 6) - (0 - 2)?
-25
Calculate -1 - (12 - (-1 - (2 - (8 + -4)))).
-12
Calculate 22 + 10 + -14 + (-14 - -8) - 11.
1
What is the value of (19 - 18 - -37) + (-2 - -3) - 0?
39
(-7 - -12) + -55 - (5 + (-9 + 1 - -4))
-51
Evaluate 1 + 42 - (-96 - (-86 - 30)).
23
What is the value of (-1 - 0 - -13) + (-49 - (101 - 147))?
9
-1 + (39 - 32) + (62 - (3 - 7))
72
What is the value of 20 + -55 + (4 - -21) - -42?
32
What is 28 - (9 - -2 - (55 + -84))?
-12
Evaluate (-52 - -47 - (3 - 0)) + (-1 - 22).
-31
What is the value of 57 - 27 - (-28 - -26) - 13?
19
Evaluate -149 + (33 - -31) + 72.
-13
Calculate 10 + -3 - (3 - 2 - (158 + -168)) - 28.
-32
Evaluate 25 + -13 + 12 - (-1 - -9).
16
-69 - (86 - 79 - -13)
-89
What is 10 + -5 + 15 + -2 + -1 + -15 - -8?
10
Calculate 2 + 75 + -7 + 3 + -8 - 14.
51
Evaluate -43 + -11 - (18 + (-21 - -6)).
-57
What is the value of 10 + (-45 + 28 - (-2 - 18))?
13
What is (-111 - -86) + -78 + 32 + -9?
-80
Calculate (54 - (122 - 78)) + -12 + 1.
-1
-9 - ((7 + -6 - 4) + 11 + -17 - 6)
6
Calculate -157 - (-74 + (-13 - -21)).
-91
What is the value of -446 - (-231 - 169) - (1 + -5)?
-42
-131 + (427 - 120) + -112
64
What is 103 - 85 - (3 - 6 - (0 + 0))?
21
Evaluate -35 + (-55 - (49 + -90)).
-49
What is the value of -44 - -5 - -75 - 22?
14
What is 89 + (-85 - -17) + 30 + -2?
49
What is the value of 4 + (-73 - (9 + -72))?
-6
Calculate -4 + 65 - (-1102 + 1094).
69
Calculate 66 + 6 - (157 - 100).
15
What is the value of 1 + 4 + -18 - (-91 + 27 + -49 - -18)?
82
What is the value of -53 - (-54 + 29) - (-3 + 8 + -9)?
-24
Calculate -28 + 4 - ((14 - (-10 + 13)) + -6).
-29
Calculate -23 + (-12 - (-6 - (-6 - 9)) - -17).
-27
Evaluate 7 - -91 - 7 - 0.
91
Evaluate (6 - (-8 - -124)) + (662 - 648).
-96
What is -5 + (8 - 12 - (-8 - 3)) - -5?
7
What is the value of (52 + 7 - -34) + -59?
34
What is (-7 + 7 - (8 - 10)) + 16?
18
What is 44 + -51 + (6 - -9) + -14 + -82?
-88
What is the value of 6 + -8 + (2 - -4) - 34 - (4 - -2)?
-36
Calculate 20 - (29 + ((7 - 5) + -2 - 16)).
7
-2 + (44 - 24) + -8 + -75
-65
Evaluate -10 + 1 + 21 + 31 + (-19 - 3).
21
What is the value of (76 - 62) + (6 - (5 - -14))?
1
What is the value of 61 + -1 - ((30 - 18) + -27 + (-4 - -6))?
73
-30 - (-24 + 1) - (4 + (-2 + 12 - -3))
-24
What is (1 - (4 - (2 - 6) - 13)) + -10 - 80?
-84
-23 - ((-3 - 18) + 23 - -13)
-38
Calculate 19 + (5 + -9 - 6) + (-24 - -43).
28
What is (-60 - (-83 - -50)) + (2 - 37)?
-62
Calculate 1894 + -1877 + 21 + (-4 - -5).
39
What is 3 + (-4 - -4) - ((-17 - -10) + 157 + -8)?
-139
What is -44 - (20 + 16 + 9 + -7 + -39)?
-43
What is (4 - -16 - 43) + (54 - 13) + 4?
22
Calculate (-222 - -220) + (-1 + 0 - 2 - -1) + -6.
-10
2 + -11 + 5 + -47 + 48
-3
What is the value of (-3 - 6) + (-17 - 13 - 26)?
-65
Evaluate 54 + -22 + (-7 - -2 - -13).
40
Evaluate (-33 - ((-48 - -28) + 18)) + -60.
-91
Calculate -52 + -27 + 26 + -13.
-66
Calculate -49 - -41 - ((9 + -28 - -7) + 5).
-1
Evaluate (0 - 76) + 21 + (18 - 60) + 45 + -16.
-68
What is 11 + -3 - (3 + (-18 - 8) - -6)?
25
What is the value of -33 + 1 - (2492 + -2540)?
16
Calculate (77 - (-4 + (-1 - -2) + 4)) + 601 + -598.
79
Evaluate -133 + (47 - (-31 + -15)).
-40
Evaluate 5 + -11 + 42 + -148 + 156.
44
What is the value of (-8 - -5) + 10 + -1 + -47 + -18 + 67?
8
Calculate -9 + -44 + 13 + 17.
-23
(0 - 5) + 10 - (-22 + 15)
12
-5163 - -5227 - (8 + 0 + 3 + -2 + 2)
53
Calculate 1 + (112 - 27) + -39.
47
What is the value of (35 + 36 - 18) + -14?
39
Evaluate -2045 - -2078 - (-36 + -3).
72
What is 19 + (-3 - (-10 + 9)) - (-2 - -12) - 0?
7
Evaluate 85 + -53 - (4 - 7).
35
Calculate -57 + -1 - (-90 + 162 + -71).
-59
What is 26 + -24 + 12 + -2 + (-10 - 14)?
-12
4 + (1 - 3 - (61 + 61 + -110))
-10
173 - -11 - (-13 + 21 + 38)
138
60 - (12 - (-47 + 29))
30
What is -5 + 15 + (-30 + 10 - 1) + 0 + 40?
29
What is the value of (110 + 72 - 113) + -5?
64
What is the value of -118 + 45 - 45 - -199?
81
Calculate (10 - 2) + (-140 - -139).
7
Calculate -20 + 75 - ((-22 - -8) + 5) - 21.
43
Evaluate 26 - (31 + (-55 - (-15 + 1))).
36
Evaluate -22 + (14 - (69 + 0)).
-77
Evaluate -77 - (-7 - -26 - 180).
84
Calculate (1 - -13) + 116 + -187 - -16 - 2.
-43
Evaluate 4 - -2 - (24 + 60 + -148 + (0 - -12)).
58
What is the value of -4 + (9 - -4 - 52)?
-43
What is the value of -6 + 16 + (-1 - (-2 - -2)) + -17 + 19?
11
What is 24 - (-20 - (-48 - -2)) - (-5 + -1)?
4
Evaluate -165 + 250 - ((-13 - -13) + 4).
81
Evaluate (-519 - -536) + (1 - (1 + -5)).
22
What is (-4 - (1 - 0)) + (59 - (113 - 15))?
-44
147 + -132 + (-11 - 62)
-58
What is -1 + (-3 - (-3 + 1) - 26) - (2565 + -2573)?
-20
Calculate -54 + (-48 + 104 - -46).
48
8 + (-1 + -11 - (349 + -334))
-19
57 + -1 - (-827 - -857 - (35 - -1))
62
-9 + 25 + -58 + 59
17
Evaluate 1 - 0 - (31 + -27 + 53 + -67).
11
Calculate -63 + -12 + 60 - -65.
50
1 + 19 + (139 - 196) + -39
-76
Calculate -83 + (85 - 14) - (5 - (-2 + 2 + -1)).
-18
Calculate -1 + -23 + -77 + (120 - 49).
-30
What is (50 - (88 - -99)) + 15?
-122
What is the value of -11 + -3 + (66 - 41) + -43?
-32
1118 + -1095 - (35 + 0)
-12
1 + (1 - 20) - (583 - 692) - (-1 - 1)
93
21 + -58 - (24 - (-9 + 7 + 6))
-57
What is 76 + -102 + (2 - 2) + -32?
-58
Evaluate -12 - (21 + -3 + -43) - (4 - -2).
7
Calculate -12 - (36 + -19 + (-15 + 1 - -7)).
-22
1 + 0 + -10 + (-30126 - -30217)
82
What is 31 - (36 - 16 - 28) - 73?
-34
93 - 104 - (3 - 4) - 16
-26
Calculate -82 + (15 - (16 - 4)) + -22 - (1 - -6).
-108
What is the value of (7 - -61) + (-76 - (84 - 134))?
42
Calculate -33 - (16 + 18 + -55 + -15).
3
Calculate -65 + 36 + (42 - 79).
-66
What is the value of 65 + (7 - 14) + 9 + -10?
57
What is the value of -42 + 21 + -2 + -15 + (-4 - 2)?
-44
What is -10 - -11 - ((-15 - (14 + -39)) + -85)?
76
Calculate 96 + -43 + -78 + 44.
19
What is (-2 - -69) + (11 - 26 - 6)?
46
Evaluate 1 - -6 - (8 - (7 + -17 + -2)) - 0.
-13
Evaluate -1 + 0 + (42 - 78 - -48).
11
Evaluate (-4 + -5 - 65 - -34) + (-1 - -6).
-35
Calculate 43 - (-49 + 65) - (2 - 12).
37
Evaluate 4 - (-42 + 84 - 66).
28
(-22 - -1) + 39 + -14 + -43 + 21
-18
Evaluate 68 + (-52 - -51) - 72.
-5
(1 + -10 - (7 + (-3 - 4))) + -15
-24
What is the value of -24 + 2 - (8 - -103 - (-12 - -25))?
-120
What is -75 + (28 - -69 - -35)?
57
What is (-27 - -72) + (-1 - 14) - (-2 - 9)?
41
What is 40 + (1 - (5 + -3)) - 2?
37
What is 17 + (157 - 144) + -2 + 8?
36
What is the value of 5 - (52 + -50 + 24) - (-117 - 0)?
96
Calculate (-18 - -38 - (14 + -8 + 8)) + 42.
48
What is (1 - (20 - -9)) + -50 + 36?
-42
Calculate -42 + (-23 - (8 + -35)) + 0.
-38
Calculate (104 - 65) + (-38 - 33).
-32
-46 - (-46 + 41 + -51)
10
Calculate -38 + (6 + -17 - -60).
11
What is the value of 58 + -7 + (-7 - ((5 - -5) + -16 + -1))?
51
Calculate (-23 - -36 - (9 - (9 - (-43 - -5)))) + 4.
55
-13 + 12 + -122 + 47
-76
Evaluate -2923 + 2975 + (-1 - -3 - 2).
52
Evaluate 13 - ((-9 - (0 + -84 + -10 + 1)) + -9).
-62
What is (-3 + 1 - -14) + (6 - -5) + 3 + -100?
-74
Evaluate 15 - (44 + -51 + (-5 - -22)) - 27.
-22
-39 + 33 + -4 + -1 - (-27 - -43)
-27
Calculate -78 - -29 - -147 - 52.
46
What is the value of 4 + 4 + -81 + 67 + 2 + 0?
-4
-93 + 2 + 82 - (25 - -1)
-35
What is the value of 1 + 0 + -1 + -11 - ((127 - 73) + -40)?
-25
What is the value of (11 - -2) + (4 - (66 + -41))?
-8
(24 - -6) + (77 - 100)
7
What is the value of (25 - (6 + -5) - (-5 + 17)) + (3 - -55)?
70
Calculate 2 + (-1 + 34 - (-237 - -241)) + -1.
30
What is 12 + (-3 - -10 - 12) + -7 - (-14 - -59)?
-45
What is the value of -4 + 2 + (6 - 0) + -11 + 3?
-4
1 - -14 - (538 + -553) - 4
26
Evaluate (0 + -9 + 5 - (1